t is the remainder when 1202357 is divided by 19080?
317
Calculate the remainder when 47189 is divided by 4259.
340
What is the remainder when 48543 is divided by 106?
101
What is the remainder when 2023133 is divided by 252883?
69
Calculate the remainder when 7958014 is divided by 939.
928
Calculate the remainder when 82722900 is divided by 593.
586
What is the remainder when 7412334 is divided by 185307?
54
What is the remainder when 9861854 is divided by 32?
30
Calculate the remainder when 73060515 is divided by 872.
867
Calculate the remainder when 27881 is divided by 5225.
1756
Calculate the remainder when 4024550 is divided by 164.
154
Calculate the remainder when 17898323 is divided by 109.
87
Calculate the remainder when 49516 is divided by 2218.
720
What is the remainder when 4491625 is divided by 59?
14
Calculate the remainder when 467442 is divided by 93484.
22
What is the remainder when 270972 is divided by 305?
132
What is the remainder when 307742 is divided by 2094?
2018
Calculate the remainder when 2799164 is divided by 180.
164
Calculate the remainder when 847951 is divided by 61.
51
What is the remainder when 290572 is divided by 41385?
877
Calculate the remainder when 9988711 is divided by 7625.
7586
What is the remainder when 131120344 is divided by 2074?
2064
Calculate the remainder when 43841004 is divided by 682.
680
What is the remainder when 2447503 is divided by 122375?
3
Calculate the remainder when 431708336 is divided by 1187.
1184
Calculate the remainder when 10810 is divided by 10050.
760
Calculate the remainder when 1081969 is divided by 56.
49
What is the remainder when 12001520 is divided by 19903?
11
What is the remainder when 145162 is divided by 386?
26
Calculate the remainder when 993348 is divided by 2744.
20
Calculate the remainder when 6887642 is divided by 224.
90
Calculate the remainder when 19178430 is divided by 296.
294
Calculate the remainder when 468190 is divided by 333.
325
Calculate the remainder when 192431135 is divided by 48.
47
What is the remainder when 1263345 is divided by 19141?
39
Calculate the remainder when 284335 is divided by 17732.
623
What is the remainder when 3821737 is divided by 7613?
11
Calculate the remainder when 41859167 is divided by 92.
87
Calculate the remainder when 686909 is divided by 137371.
54
Calculate the remainder when 15353738 is divided by 15353738.
0
What is the remainder when 663313 is divided by 221000?
313
Calculate the remainder when 55144 is divided by 2902.
6
Calculate the remainder when 8125 is divided by 559.
299
Calculate the remainder when 78933700 is divided by 26311229.
13
What is the remainder when 30550094 is divided by 45?
44
Calculate the remainder when 22861 is divided by 883.
786
What is the remainder when 320020 is divided by 447?
415
What is the remainder when 11345524 is divided by 945460?
4
What is the remainder when 1087530 is divided by 4749?
9
Calculate the remainder when 2713392 is divided by 276.
36
Calculate the remainder when 84391 is divided by 209.
164
Calculate the remainder when 1104446 is divided by 39.
5
What is the remainder when 133238 is divided by 1748?
390
What is the remainder when 1593815 is divided by 870?
845
Calculate the remainder when 3596302 is divided by 108978.
28
Calculate the remainder when 307325054 is divided by 174.
164
Calculate the remainder when 138148505 is divided by 2546.
2545
Calculate the remainder when 8869791 is divided by 676.
671
Calculate the remainder when 268065430 is divided by 166.
164
Calculate the remainder when 3849509 is divided by 26.
1
Calculate the remainder when 51587306 is divided by 39805.
26
Calculate the remainder when 56694 is divided by 716.
130
Calculate the remainder when 197812689 is divided by 3524.
3521
What is the remainder when 129246460 is divided by 4203?
7
Calculate the remainder when 4525224 is divided by 102.
96
Calculate the remainder when 16487306 is divided by 41.
17
What is the remainder when 3698645 is divided by 8723?
93
What is the remainder when 73472 is divided by 856?
712
Calculate the remainder when 559825 is divided by 10942.
1783
What is the remainder when 4993433 is divided by 237780?
53
What is the remainder when 354713895 is divided by 1698?
1695
Calculate the remainder when 12313 is divided by 651.
595
What is the remainder when 662226 is divided by 5558?
824
Calculate the remainder when 10859 is divided by 2599.
463
What is the remainder when 3707244 is divided by 677?
669
What is the remainder when 37391 is divided by 17880?
1631
Calculate the remainder when 475017 is divided by 478.
363
What is the remainder when 6478665 is divided by 2159526?
87
What is the remainder when 2854682 is divided by 2854681?
1
Calculate the remainder when 9497950 is divided by 501.
493
What is the remainder when 70726 is divided by 1855?
236
What is the remainder when 90794222 is divided by 158?
154
What is the remainder when 315217 is divided by 62595?
2242
Calculate the remainder when 21687 is divided by 249.
24
What is the remainder when 868927 is divided by 751?
20
What is the remainder when 57142818 is divided by 1038960?
18
What is the remainder when 80855500 is divided by 78?
76
Calculate the remainder when 406652 is divided by 21328.
1420
What is the remainder when 130781 is divided by 3266?
141
What is the remainder when 73440 is divided by 1488?
528
Calculate the remainder when 104933 is divided by 4187.
258
What is the remainder when 4734357 is divided by 140?
117
What is the remainder when 8519013 is divided by 244?
241
Calculate the remainder when 4500838 is divided by 568.
6
What is the remainder when 1398401 is divided by 1748?
1
What is the remainder when 66285631 is divided by 1288?
1287
Calculate the remainder when 20243370 is divided by 1094.
1088
What is the remainder when 173361 is divided by 24765?
6
What is the remainder when 17319293 is divided by 422?
413
What is the remainder when 92672 is divided by 5119?
530
Calculate the remainder when 3154137 is divided by 37.
35
Calculate the remainder when 3723625 is divided by 5791.
12
Calculate the remainder when 6682 is divided by 1097.
100
Calculate the remainder when 6206554 is divided by 3103243.
68
What is the remainder when 45501082 is divided by 48?
10
What is the remainder when 162969498 is divided by 125?
123
What is the remainder when 41371099 is divided by 113?
104
Calculate the remainder when 4317389 is divided by 322.
13
What is the remainder when 694262 is divided by 80?
22
What is the remainder when 5458119 is divided by 442?
303
Calculate the remainder when 2620015 is divided by 30.
25
Calculate the remainder when 253679 is divided by 1157.
296
Calculate the remainder when 336806 is divided by 552.
86
What is the remainder when 169667078 is divided by 110?
108
What is the remainder when 1637219 is divided by 90?
29
What is the remainder when 1474231 is divided by 450?
31
What is the remainder when 3776637 is divided by 28602?
1173
Calculate the remainder when 2124430 is divided by 774.
574
What is the remainder when 2399466 is divided by 894?
864
Calculate the remainder when 80598 is divided by 1263.
1029
Calculate the remainder when 80724 is divided by 11522.
70
Calculate the remainder when 1258473 is divided by 774.
723
Calculate the remainder when 5372733 is divided by 1036.
37
Calculate the remainder when 1357944 is divided by 112.
56
What is the remainder when 760261 is divided by 380109?
43
What is the remainder when 117996 is divided by 1158?
1038
What is the remainder when 77120 is divided by 19239?
164
What is the remainder when 729133 is divided by 456?
445
What is the remainder when 36136 is divided by 1430?
386
What is the remainder when 395203 is divided by 84?
67
What is the remainder when 29651 is divided by 78?
11
Calculate the remainder when 16124480 is divided by 1829.
16
Calculate the remainder when 8156547 is divided by 10107.
198
What is the remainder when 93614171 is divided by 48987?
14
What is the remainder when 578989 is divided by 571?
566
Calculate the remainder when 1814658 is divided by 532.
6
Calculate the remainder when 930957 is divided by 11258.
7801
What is the remainder when 10440455 is divided by 31?
27
Calculate the remainder when 1013562 